0*l**2. List the prime factors of k(-16).
107
Let x(o) = -o**2 - 8*o + 2. Let a(t) = t**2 + 16*t - 3. Let y(w) = -2*a(w) - 5*x(w). Suppose 0 = -15*u - 99 + 9. List the prime factors of y(u).
2, 7
What are the prime factors of (-3 - (0 + 2)) + 10735 + -44?
2, 3, 13, 137
Suppose -2*c + 12 = -22. Suppose c = 2*x - 3*f, -2*x + 0*f + 20 = -4*f. Suppose 4*r = -x*a - 300 + 1048, 0 = -r - 2*a + 184. What are the prime factors of r?
2, 5, 19
Suppose 2*v = 3*i + 16309, 0 = -v + 4*i + 4848 + 3304. List the prime factors of v.
2, 2039
Let k(h) = 13*h + 6 + 9*h**2 - 3*h + 2. Let x = 42 + -48. List the prime factors of k(x).
2, 17
Let m be (-4)/(-22) + (-394)/(-11). Suppose 32*u + 1164 = m*u. List the prime factors of u.
3, 97
List the prime factors of ((-6)/12)/(-2 - (-97702)/48852).
3, 23, 59
Let c(f) = 29*f - 3. Let z(r) = -r + 33. Let o be z(21). Let u be c(o). Suppose -2*q + 3*g + u - 18 = 0, 4*q + g - 661 = 0. What are the prime factors of q?
3, 5, 11
Let g(l) = 36551*l - 276. List the prime factors of g(1).
5, 1451
Suppose -69*z = -75*z + 37524. List the prime factors of z.
2, 53, 59
Suppose 144*p - 12 = 140*p. Suppose 0 = 5*q - 3*t + 7*t - 2209, 5*q = -p*t + 2213. List the prime factors of q.
5, 89
Let l(t) = 5325*t - 7443. List the prime factors of l(7).
2, 3, 11, 113
Suppose 6*n - 8320 - 45404 = 0. Suppose -9*j - 2*j = -n. What are the prime factors of j?
2, 11, 37
Suppose 29*p + 32889 = 5*a + 27*p, -4*p = -4*a + 26304. List the prime factors of a.
3, 17, 43
Let k = 498 + 5606. Suppose k = -3*l + 17*l. List the prime factors of l.
2, 109
Let z(q) = q**3 + 15*q**2 + 10*q - 15. Let s(a) = -a**2 + 8*a - 3. Let r be s(9). What are the prime factors of z(r)?
3, 11
Let n(z) = -14*z**3 - 29*z**2 + 74*z + 758. List the prime factors of n(-14).
2, 3, 601
Let m be ((-4)/(-6))/(4/120). Let a be (m/8 - 2)/(1/4). List the prime factors of (a - 1)*-6*164/(-12).
2, 41
Let w(z) = 2*z**3 + z**2 - 10*z - 15. Let y be w(-5). Let j = -266 - y. What are the prime factors of j/(130/35 + -4)?
2, 7, 19
Suppose 289541 = 85*l - 193684. What are the prime factors of l?
3, 5, 379
Suppose 888 = -28*a - 9*a. Suppose -1 = -2*u + 81. Let i = a + u. What are the prime factors of i?
17
Suppose -904*k - 47234 = -926*k. List the prime factors of k.
19, 113
Let r = 139 - 136. Suppose r*c = 2*b - 216, c - 7 + 5 = 0. List the prime factors of b.
3, 37
What are the prime factors of 14 + -932*(-620)/16?
3, 12043
Suppose -5*t = 3*a - 893, -2*a + 835 - 246 = -3*t. Suppose 0 = 3*r - 5*n - 484 - a, -n = -5*r + 1278. What are the prime factors of r?
3, 5, 17
Let h(p) be the first derivative of -p**2/2 + 8*p + 7. Let o be h(23). List the prime factors of 1815/25 - (-9)/o.
2, 3
Let z = 98 - 105. List the prime factors of z/(7/(-292)) - (-18)/9.
2, 3, 7
Suppose 0 = -21*m + 4026 + 17373. Suppose -9*r = -4372 - m. What are the prime factors of r?
599
Let q(x) = 2*x**3 - 2*x**2 + 8*x - 5. Suppose 30 = 7*w - 26. List the prime factors of q(w).
5, 191
Suppose -312 + 217 = -5*a. Let n(t) = -t**3 + 21*t**2 - 27*t + 2. What are the prime factors of n(a)?
211
Let v = 537 + -533. Let d = 6 + 4. Suppose -v*l + 828 = 6*r - d*r, l = -5*r + 201. List the prime factors of l.
2, 103
Let m = 3728 + 20928. List the prime factors of m.
2, 23, 67
Suppose 307*j = 4017901 + 656481. What are the prime factors of j?
2, 23, 331
Let o(t) = 184*t**2 - 23*t - 23. Let a be o(-11). Suppose 23*x - a = -23*x. What are the prime factors of x?
3, 163
Suppose 8*h = 14*h - 14*h + 82608. List the prime factors of h.
2, 3, 1721
Suppose 40*y - 171847 = 274753. List the prime factors of y.
5, 7, 11, 29
Suppose -x - 6*v + 2*v = -7081, 5*v + 15 = 0. What are the prime factors of x?
41, 173
Let l = -128 + 119. Let d be l/((-81)/(-12)) + 169/3. Suppose -3*f = -2*j - d, -5*f + 0*j + j + 94 = 0. What are the prime factors of f?
19
Let x(q) = 5*q - 10. Let j be x(15). Suppose j*p = 63*p + 862. What are the prime factors of p?
431
Let q be ((-4)/(-6))/(84/4138344). Suppose 47*n - 19*n - q = 0. What are the prime factors of n?
3, 17, 23
Let v = 829 - -1336. Suppose 10*g - 945 = v. List the prime factors of g.
311
Suppose a + 34 - 47 = 0. What are the prime factors of a/(130/5)*677*2?
677
Let j(a) = a**3 - 8*a**2 + 3*a + 5. Let b be j(9). Suppose -3*k - 196 = b. Let z = k + 176. What are the prime factors of z?
73
Suppose o - 3*w = -0*w - 4, 0 = -5*o - w + 12. Suppose -2*h + 2*x = -10, 3*x - 3 = -2*h - o*x. List the prime factors of h + 0 + (69 - 17).
2, 7
Let k(o) = 30*o - 431. Let v be k(0). Let b = v - -752. List the prime factors of b.
3, 107
Suppose 75*q - 71*q - 164 = 0. Let a = -47 + q. Let y(c) = -c**2 - 4*c + 19. What are the prime factors of y(a)?
7
Suppose 11 = 6*n + 17. Let h be n/3 + 143/33. List the prime factors of (-2)/h - (6 + (-2373)/14).
163
Let d(l) = -l**2 - 19*l + 12. Let a be d(-19). Suppose -2*n = -4, 15*n + 1619 = 5*t + a*n. What are the prime factors of t?
5, 13
Suppose 17*p - 98714 = 6*p. What are the prime factors of p?
2, 7, 641
Suppose -4*i = -q - 29 + 7, -3*i + 7 = 4*q. Suppose 4*r - 3*l = 1208, 2*l = i*r - 1464 - 46. What are the prime factors of r?
2, 151
Let f(p) be the third derivative of p**5/60 - 11*p**4/24 + 17*p**3/6 - 4*p**2. Suppose 0*h + 11*h = 220. List the prime factors of f(h).
197
Let s(d) = 5*d**2 + d. Let r(b) = -5*b**2 - b + 1. Suppose 5*u - 64 = -44. Let t(k) = u*r(k) + 5*s(k). List the prime factors of t(-4).
2, 5
Suppose 0 = 13*u - 645 + 125. What are the prime factors of u/16*2652/10?
3, 13, 17
Suppose 3*b - 51 = 3*v, 6*b + 4*v + 44 = 8*b. Let g = b + 104. What are the prime factors of g?
2, 29
Let m(j) be the first derivative of 256*j**2 - j - 13. Let f be m(-1). Let h = f + 755. What are the prime factors of h?
2, 11
Let z(d) = d**2 - 5*d - 3. Let i be z(6). Suppose 32 = -i*f + 11*f. Suppose 0 = -v + r + 37, 0 = -f*v + 3*r + 29 + 115. What are the prime factors of v?
3, 11
Let k(a) = 8*a - 4. Let l be k(1). Suppose r + h = 24, l*h + 18 = 6. Suppose 0 = -3*d + 147 - r. What are the prime factors of d?
2, 5
List the prime factors of 14/4*964158/273.
47, 263
Suppose 17042 = 4*r + c, -2*c - 17024 = -4*r - 0*c. List the prime factors of r.
4259
Suppose 0 = 2*h - 8, 8*l + 4*h = 4*l + 20. List the prime factors of l*-2*(-15)/(-90)*-669.
223
Let m be (-1 + 1/1)*-1. Suppose 0*f - 5*f - 110 = m. What are the prime factors of -3 + (-5)/(10/f)?
2
Let o(w) = w**3 + 5*w**2 + 9*w + 20. Let p be o(-4). Suppose -3*y = 6*z - 2*z - 67, p = 2*z + 4. What are the prime factors of y?
5
Suppose 110*r - 1785433 - 181622 = -103*r. List the prime factors of r.
5, 1847
Suppose 20754*z - 20735*z - 888877 = 0. List the prime factors of z.
11, 4253
Let l(n) = 9*n**2 - 2*n - 3. Let c be l(-2). Let i = 105 - c. List the prime factors of i.
2, 17
Let p(j) = 2*j**2 + 9*j - 5. Let h be (6/4)/(27/126). Let u be p(h). Suppose -85*z + u = -81*z. List the prime factors of z.
3, 13
Suppose 2*u - 17 = -3*b, 2*b - 35*u = -33*u + 8. Suppose -3*x = d - 32, 5*d - 245 = b*x - 3*x. What are the prime factors of d?
47
Let t(s) = -3*s - 2. Let k(y) = 2*y + 37. Let a be k(-17). Suppose r - a = -1, -2*d = 3*r + 8. List the prime factors of t(d).
19
Suppose -2*r = 5*m - 13105, 4*m - 10496 = 69*r - 73*r. List the prime factors of m.
3, 97
Let v(z) = 7*z**2 + 20*z - 1073. What are the prime factors of v(20)?
3, 709
Let z be (2 - -4) + -3 - (-4)/4. Suppose 6 = 2*b + z*r - 8, -2 = -4*b + 5*r. Suppose 179 = b*p - 67. List the prime factors of p.
2, 41
Let g(i) = -2*i + 38. Let m be g(19). Suppose 42*f - 39*f - 48 = m. What are the prime factors of f?
2
Let z(d) = 4*d**2 - 23*d + 26. Let t be z(11). Suppose 0 = -5*f + 2138 + t. List the prime factors of f.
479
Suppose 2*q - 232 = -5*a, -2*q = -12*a + 9*a - 264. Suppose 124*l + 560 = q*l. List the prime factors of l.
2, 5, 7
Let b(n) = -n**3 - 9*n**2 + 7*n + 3. Let z be b(-10). Let l = -37 + z. List the prime factors of (-2)/(l/11)*2.
11
Let l be ((-114)/(-8))/((-7)/(-28)). Suppose 29 = -6*r - 127. Let y = r + l. List the prime factors of y.
31
Suppose 2*i + 14*r - 5326 = 9*r, 0 = i + 3*r - 2666. What are the prime factors of i?
2, 331
Let h = -972 + 389. Let j = 2109 + h. What are the prime factors of j?
2, 7, 109
Let c be 9834/165*5/1. Let s = 1121 - c. List the prime factors of s.
823
What 